. Give a(-12).
2
Let j(x) = -x - 2. What is j(-5)?
3
Let w(x) = -x**3 + 6*x**2 + 5*x - 3. Calculate w(6).
27
Let d(o) = o - 27. Determine d(15).
-12
Let n(u) = -u**3 + 9*u**2 - 2*u + 20. Determine n(9).
2
Let j(t) = 14*t**2 + 2*t - 1. What is j(1)?
15
Let v(j) = 3*j. What is v(1)?
3
Let p(z) = 2*z**3 + 9*z**2 - z + 4. Determine p(-5).
-16
Let k(d) = d - 7. Calculate k(-9).
-16
Let c(a) = 142*a + 428. What is c(-3)?
2
Let j(d) = d**2 - 6*d + 4. Calculate j(8).
20
Let x(c) = 2*c**3 - 31*c**2 - 18*c + 16. Give x(16).
-16
Let h(b) = -b**2 - 7*b + 11. Give h(-13).
-67
Let q(w) = w**3 - 10*w**2 + 8*w - 13. Determine q(9).
-22
Let q(v) = 3*v**2 + 19*v - 9. What is q(-7)?
5
Let p(b) = -b**3 + 10*b**2 - 12*b + 15. What is p(9)?
-12
Let k(g) = g**3 + 8*g**2 - 12*g - 6. Give k(-9).
21
Let i(s) = s**2 + 16*s + 11. Calculate i(-15).
-4
Let z(w) = -15*w**2 + 2*w. Give z(2).
-56
Let b(q) = -q**3 + 25*q**2 - 24*q + 58. Calculate b(24).
58
Let i(l) = l**2 + 18*l - 13. Determine i(-19).
6
Let k(s) = 107*s + 432. Calculate k(-4).
4
Let n(u) = u**2 - 23*u + 4. What is n(23)?
4
Let j(f) = -f**3 + 26*f**2 + 2*f - 55. Determine j(26).
-3
Let w(j) = j**3 + 25*j**2 + 26*j + 49. What is w(-24)?
1
Let l(i) = -i**3 + 38*i**2 + 165*i + 125. Calculate l(42).
-1
Let r(l) = l**3 - 10*l**2 + 11*l - 1. Give r(9).
17
Let s(n) = 3*n + 5. Determine s(-2).
-1
Let g(s) = s - 15. Calculate g(15).
0
Let m(v) = -8*v + 9. Determine m(2).
-7
Let a(l) = -l**3 + 15*l**2 + 12*l - 2. Determine a(16).
-66
Let w(c) = -7*c**2 - 58*c + 8. Determine w(-9).
-37
Let m(d) = 26*d - 1. What is m(-1)?
-27
Let b(j) = 27*j + 484. Give b(-17).
25
Let r(c) = 6*c + 11. Determine r(-3).
-7
Let v(p) = 4*p + 12. Give v(9).
48
Let a(z) = 3*z**2 + 58*z + 39. Give a(-19).
20
Let d(g) = g**3 - 4*g**2 + 2*g + 3. Give d(4).
11
Let s(h) = 2*h - 25. Give s(14).
3
Let w(x) = x**2 - 17*x + 40. Determine w(21).
124
Let a(i) = i - 13. Determine a(9).
-4
Let w(j) = 2*j**2 + 8*j - 1. Calculate w(-6).
23
Let i(h) = -h**3 - 6*h**2 - 3*h + 5. What is i(-5)?
-5
Let a(v) = v**3 - 7*v**2 - v + 12. Calculate a(3).
-27
Let i(f) = -15*f**2 - 359*f + 23. Determine i(-24).
-1
Let a(c) = 3*c**2 - 18*c - 46. What is a(-2)?
2
Let a(c) = 2*c**3 + 16*c**2 + 22*c - 9. What is a(-6)?
3
Let s(y) = y**2 + 9*y - 35. What is s(3)?
1
Let l(c) = 13*c**2. Give l(1).
13
Let c(b) = b**3 - 10*b**2 + 16*b + 5. Calculate c(8).
5
Let b(r) = 6*r + 73. What is b(-13)?
-5
Let z(p) = 6*p**3 - p**2 - 2*p + 3. Determine z(1).
6
Let y(z) = z**2 - 7*z - 27. Calculate y(10).
3
Let g(x) = 23*x**2 - 3*x - 4. What is g(-1)?
22
Let i(s) = 3*s**2 + 15*s - 18. What is i(-6)?
0
Let g(j) = -2*j**3 - 3*j**2 + 8*j - 5. Determine g(-4).
43
Let w(m) = -m**3 + 6*m**2 - 2*m. Calculate w(5).
15
Let p(a) = -a**2 - 3*a + 6. Calculate p(-4).
2
Let u(q) = -q**2 + 44*q - 9. What is u(43)?
34
Let x(p) = -p - 27. Determine x(8).
-35
Let p(y) = 9*y - 24. Determine p(0).
-24
Let z(v) = -v + 18. What is z(6)?
12
Let d(h) = -20*h + 226. Calculate d(11).
6
Let d(l) = 9*l + 61. What is d(-7)?
-2
Let f(a) = -2*a**2 + 9*a - 3. Calculate f(7).
-38
Let u(g) = g**3 + 10*g**2 + 11*g - 12. Determine u(-9).
-30
Let m(b) = -b**2 + 207*b + 631. What is m(-3)?
1
Let y(p) = -4*p + 7. Determine y(5).
-13
Let f(c) = c**3 - 4*c**2 - 13*c - 16. Give f(6).
-22
Let h(v) = -3*v**3 + 4*v**2 - 4. Determine h(3).
-49
Let q(z) = -2*z**3 + 16*z**2 - 9*z + 11. Give q(8).
-61
Let x(p) = -2*p**2 - 27*p - 29. Determine x(-12).
7
Let n(d) = -d**3 - 8*d**2 - 10*d + 19. What is n(-5)?
-6
Let z(v) = -10*v + 9. Calculate z(3).
-21
Let c(g) = g**2 + 15*g + 15. What is c(-14)?
1
Let l(t) = -4*t**3 - t. Determine l(1).
-5
Let a(y) = 19*y - 17. Calculate a(-3).
-74
Let i(v) = v - 1. What is i(-20)?
-21
Let m(f) = -f**2 - 23*f + 678. Calculate m(-40).
-2
Let q(m) = -m**3 + 7*m**2 + 8*m - 4. Determine q(8).
-4
Let g(s) = -3*s**2 + 2*s - 1. Determine g(2).
-9
Let c(w) = -w**3 - 11*w**2 + w + 7. Determine c(-9).
-164
Let v(f) = -4*f**2 - 15*f + 1. What is v(-4)?
-3
Let d(n) = -7*n + 8. Give d(4).
-20
Let a(p) = p**2 - 16*p + 22. Determine a(13).
-17
Let s(k) = -k**3 - 4*k**2 - 3*k - 3. Calculate s(-2).
-5
Let r(v) = -2*v - 10. Give r(-7).
4
Let p(n) = -n**3 - 9*n**2 + 14*n + 21. What is p(-10)?
-19
Let b(d) = -d**3 - 7*d**2 - 3*d + 5. Calculate b(-7).
26
Let r(m) = -12*m + 17. Give r(3).
-19
Let f(b) = -b**3 + 2*b**2 + 39*b + 76. What is f(8)?
4
Let s(w) = -w**2 - 5*w - 13. Determine s(-5).
-13
Let l(c) = -c**2 + 21*c - 74. Calculate l(6).
16
Let x(y) = 5*y + 9. What is x(-4)?
-11
Let n(r) = -r**3 - 39*r**2 - 110*r - 71. What is n(-36)?
1
Let r(i) = 4*i + 2. Give r(3).
14
Let g(o) = o**2 + 17*o - 32. What is g(-17)?
-32
Let h(i) = -i + 84. Determine h(22).
62
Let t(w) = -24*w - 50. What is t(-2)?
-2
Let a(m) = -m**3 - 8*m**2 + 7*m - 16. Calculate a(-9).
2
Let s(v) = 2*v**2 - 15*v + 24. Determine s(4).
-4
Let p(l) = -2*l**3 + 2*l**2 + l - 2. Give p(2).
-8
Let u(z) = 2*z**3 + 13*z**2 + 11*z - 4. Give u(-5).
16
Let i(k) = -k**3 + 7*k**2 - 2*k + 9. What is i(7)?
-5
Let n(s) = -9*s + 1. Give n(-2).
19
Let j(o) = 18*o + 8. What is j(-2)?
-28
Let s(u) = u**2 + 12*u + 15. Determine s(-14).
43
Let u(r) = -r**2 + 8*r + 24. Determine u(10).
4
Let z(r) = -11*r - 4. Determine z(-1).
7
Let q(m) = 4*m + 9. What is q(-10)?
-31
Let r(x) = -3*x + 54. Give r(20).
-6
Let c(j) = 8*j + 56. What is c(-9)?
-16
Let q(j) = -5*j - 109. Give q(-10).
-59
Let r(u) = -u**2 - 6*u + 31. Give r(-4).
39
Let u(w) = w**3 - 12*w**2 - 15*w + 9. What is u(13)?
-17
Let j(s) = -s**3 - 6*s**2 - 2*s - 6. What is j(-5)?
-21
Let q(c) = 4*c. Calculate q(-3).
-12
Let v(z) = 32*z + 415. Calculate v(-13).
-1
Let n(l) = l**2 - 3*l + 2. Give n(-9).
110
Let g(j) = 2*j**2 - 9*j - 8. Calculate g(-1).
3
Let i(u) = u**3 - 10*u**2 + 8*u + 2. Give i(9).
-7
Let q(l) = 4*l - 2. Determine q(4).
14
Let i(h) = -h**3 - 9*h**2 - 8*h - 1. Calculate i(-8).
-1
Let v(x) = -x**3 - 28*x**2 + 57*x - 76. What is v(-30)?
14
Let q(s) = s**2 - 4*s + 7. What is q(3)?
4
Let g(j) = -8*j + 27. Calculate g(-4).
59
Let f(x) = 2*x**3 - 5*x**2 - 3*x + 14. What is f(3)?
14
Let s(j) = j**3 + 8*j**2 + 6*j - 6. Determine s(-5).
39
Let p(a) = -5*a**2 - 100*a - 88. What is p(-19)?
7
Let h(a) = -2*a**2 - 8*a - 10. Determine h(-2).
-2
Let f(v) = v**2 + 48*v + 87. Calculate f(-2).
-5
Let s(c) = -c**3 - 14*c**2 - 22*c + 31. Calculate s(-12).
7
Let g(s) = -s**2 - 7*s + 9. Calculate g(-7).
9
Let y(t) = -t - 20. Determine y(-24).
4
Let m(z) = z**3 + 5*z**2 - 15*z + 2. What is m(-7)?
9
Let o(i) = -2*i - 24. Calculate o(-12).
0
Let j(c) = -8*c. Give j(-1).
8
Let h(z) = 2*z + 4. What is h(9)?
22
Let s(n) = -n**3 - n**2 + 7*n - 1. Calculate s(-3).
-4
Let h(k) = k**2 - 54*k + 108. Calculate h(52).
4
Let m(y) = -y**2 - 19*y - 1. What is m(-19)?
-1
Let f(y) = -2*y**2 + 15*y - 7. Give f(6).
11
Let g(n) = n - 8. Give g(7).
-1
Let t(i) = -3*i**3 + 3*i**2 - 3. Calculate t(3).
-57
Let m(j) = j**3 - 20*j**2 + 34*j + 25. Determine m(18).
-11
Let x(r) = r**3 + 3*r**2 - r - 4. Give x(-4).
-16
Let z(v) = v**2 - 21*v + 61. Determine z(18).
7
Let g(s) = 3*s**2 + 4*s - 3. Calculate g(2).
17
Let f(o) = -o**3 - 17*o**2 - 14*o + 38. Calculate f(-16).
6
Let f(u) = 9*u. Give f(2).
18
Let l(g) = g**2 + 11*g + 41. What is l(-10)?
31
Let q(g) = g**2 - 15*g - 12. What is q(8)?
-68
Let h(j) = 13*j + 77. Determine h(-7).
-14
Let b(y) = -y**2 + 2*y + 11. Determine b(6).
-13
Let k(g) = 6*g + 69. Give k(-11).
3
Let q(t) = 8*t + 7. What is q(1)?
15
Let w(f) = f**2 - 20*f + 26. What is w(18)?
-10
Let u(a) = a - 8. What is u(0)?
-8
Let q(z) = -7*z - 7. What is q(-7)?
42
Let m(i) = i**2 - 16*i - 3. Determine m(8).
-67
Let a(s) = -s**3 + 20*s**2 + 131*s - 142. Give a(25).
8
Let m(y) = y + 10. What is m(-7)?
3
Let a(x) = -16*x + 27. What is a(3)?
-21
Let r(s) = -2*s**3 + 3*s - 2. What is r(2)?
-12
Let f(d) = -7*d**2 + 9*d + 3. Calculate f(3).
-33
Let q(c) = -c + 9. Give q(6).
3
Let y(b) = -b**3 + 12*b**2 - 4*b + 40. Give y(12).
-8
Let c(d) = -d**3 + 20*d**2 + 16*d + 110. Determine c(21).
5
Let f(c) = 2*c**2 - 12*c + 27. Give f(8).
59
Let v(u) = -2*u**2 - 35*u + 5. What is v(-16)?
53
Let m(x) = 19*x - 2. What is m(1)?
17
Let a(w) = w**2 - 35*w - 39. Give a(34).
-73
Let l(k) = -k**2 + 15*k - 10. Determine l(14).
4
Let v(w) = w**2 + 4*w - 1. Determine v(-4).
-1
L